ulate the remainder when 864117 is divided by 30861.
9
Calculate the remainder when 452739 is divided by 50288.
147
What is the remainder when 2260950 is divided by 2259116?
1834
Calculate the remainder when 48315167 is divided by 2542903.
10
What is the remainder when 13504504 is divided by 106?
104
What is the remainder when 71033071 is divided by 516?
511
What is the remainder when 12387722 is divided by 18656?
138
What is the remainder when 104692 is divided by 934?
84
What is the remainder when 1504880 is divided by 616?
608
Calculate the remainder when 1421713 is divided by 109332.
397
Calculate the remainder when 38946 is divided by 7783.
31
What is the remainder when 868255 is divided by 1277?
1172
What is the remainder when 5528712 is divided by 230355?
192
Calculate the remainder when 35805260 is divided by 132.
128
What is the remainder when 497240053 is divided by 477?
466
Calculate the remainder when 35626 is divided by 1322.
1254
What is the remainder when 14621 is divided by 655?
211
What is the remainder when 2512896 is divided by 19037?
12
Calculate the remainder when 216204517 is divided by 55.
12
Calculate the remainder when 4341803 is divided by 4.
3
What is the remainder when 15757 is divided by 1313?
1
What is the remainder when 14798244 is divided by 323?
322
Calculate the remainder when 14699785 is divided by 29.
4
What is the remainder when 1044395 is divided by 2521?
701
What is the remainder when 97336 is divided by 729?
379
What is the remainder when 10608388 is divided by 27626?
4
What is the remainder when 57896 is divided by 673?
18
What is the remainder when 7943085 is divided by 725?
710
Calculate the remainder when 1089255 is divided by 934.
211
What is the remainder when 132265042 is divided by 682?
8
What is the remainder when 9638331 is divided by 1376902?
17
Calculate the remainder when 60356 is divided by 11.
10
What is the remainder when 149649 is divided by 149276?
373
Calculate the remainder when 3355913 is divided by 2.
1
What is the remainder when 16423841 is divided by 328476?
41
Calculate the remainder when 13440428 is divided by 327815.
13
Calculate the remainder when 6057727 is divided by 2789.
19
Calculate the remainder when 928111 is divided by 126.
121
Calculate the remainder when 3680428 is divided by 56.
52
Calculate the remainder when 5857851 is divided by 8691.
117
Calculate the remainder when 436462 is divided by 219.
214
What is the remainder when 730206 is divided by 16?
14
Calculate the remainder when 5911 is divided by 4105.
1806
What is the remainder when 77517 is divided by 38463?
591
What is the remainder when 182661 is divided by 480?
261
What is the remainder when 21377 is divided by 4166?
547
Calculate the remainder when 990082 is divided by 2033.
11
What is the remainder when 666578 is divided by 177?
173
Calculate the remainder when 329510 is divided by 29907.
533
What is the remainder when 3641447 is divided by 558?
497
Calculate the remainder when 13446908 is divided by 56978.
100
Calculate the remainder when 15624329 is divided by 540.
509
Calculate the remainder when 15301 is divided by 7445.
411
Calculate the remainder when 4198223 is divided by 5.
3
What is the remainder when 22246 is divided by 831?
640
Calculate the remainder when 395853 is divided by 222.
27
Calculate the remainder when 145908 is divided by 10415.
98
What is the remainder when 7749809 is divided by 7209?
134
What is the remainder when 1090795 is divided by 314?
273
Calculate the remainder when 7421676 is divided by 1484332.
16
Calculate the remainder when 339954 is divided by 454.
362
What is the remainder when 655167 is divided by 327176?
815
What is the remainder when 14492150 is divided by 4830713?
11
Calculate the remainder when 3951856 is divided by 1975884.
88
What is the remainder when 50049 is divided by 2394?
2169
What is the remainder when 51415 is divided by 8529?
241
Calculate the remainder when 514833 is divided by 57201.
24
What is the remainder when 38876271 is divided by 12958756?
3
Calculate the remainder when 1663934 is divided by 3.
2
Calculate the remainder when 16234590 is divided by 6648.
174
Calculate the remainder when 130186 is divided by 689.
654
Calculate the remainder when 748709 is divided by 106954.
31
What is the remainder when 11738219 is divided by 103?
30
What is the remainder when 23676289 is divided by 23676262?
27
Calculate the remainder when 1945852 is divided by 7315.
62
What is the remainder when 97239170 is divided by 19447833?
5
Calculate the remainder when 199944 is divided by 3553.
976
What is the remainder when 150969 is divided by 843?
72
Calculate the remainder when 72463 is divided by 2895.
88
Calculate the remainder when 7258186 is divided by 17.
2
Calculate the remainder when 209522 is divided by 70.
12
What is the remainder when 8842069 is divided by 74303?
12
What is the remainder when 114770 is divided by 83?
64
What is the remainder when 976236 is divided by 201?
180
Calculate the remainder when 2294908 is divided by 78.
70
What is the remainder when 6293347 is divided by 29?
28
Calculate the remainder when 33185 is divided by 5.
0
What is the remainder when 63369637 is divided by 103?
20
Calculate the remainder when 3856860 is divided by 3456.
3420
Calculate the remainder when 18296 is divided by 18123.
173
Calculate the remainder when 12125 is divided by 3910.
395
Calculate the remainder when 15081228 is divided by 260021.
10
Calculate the remainder when 699761 is divided by 1102.
1093
Calculate the remainder when 3498050 is divided by 434.
10
Calculate the remainder when 899619 is divided by 149709.
1365
Calculate the remainder when 148201 is divided by 49278.
367
What is the remainder when 22856 is divided by 3781?
170
Calculate the remainder when 313083 is divided by 100.
83
Calculate the remainder when 513627 is divided by 7682.
6615
Calculate the remainder when 711675 is divided by 98.
97
Calculate the remainder when 112693 is divided by 295.
3
Calculate the remainder when 1338260 is divided by 114.
14
Calculate the remainder when 14812022 is divided by 1675.
1672
Calculate the remainder when 145959 is divided by 13168.
1111
Calculate the remainder when 11702778 is divided by 585132.
138
What is the remainder when 3355390 is divided by 188?
154
Calculate the remainder when 7244230 is divided by 724422.
10
What is the remainder when 68868 is divided by 3322?
2428
What is the remainder when 811707747 is divided by 2583?
2580
What is the remainder when 83999558 is divided by 439?
420
Calculate the remainder when 119746798 is divided by 16.
14
What is the remainder when 266135 is divided by 86746?
5897
Calculate the remainder when 347877 is divided by 347848.
29
Calculate the remainder when 95608953 is divided by 3209.
7
Calculate the remainder when 8022997 is divided by 1412.
13
What is the remainder when 869379 is divided by 54336?
3
Calculate the remainder when 7068530 is divided by 8.
2
What is the remainder when 130535 is divided by 1603?
692
What is the remainder when 42016878 is divided by 1869?
1758
Calculate the remainder when 44049636 is divided by 1024410.
6
What is the remainder when 15522185 is divided by 432?
425
Calculate the remainder when 3969844 is divided by 3969785.
59
Calculate the remainder when 346758498 is divided by 250.
248
Calculate the remainder when 60284241 is divided by 1435339.
3
What is the remainder when 45588446 is divided by 194?
192
What is the remainder when 449647 is divided by 332?
119
Calculate the remainder when 2002947 is divided by 1106.
1087
Calculate the remainder when 69036812 is divided by 74.
66
Calculate the remainder when 1103060 is divided by 52.
36
Calculate the remainder when 53069365 is divided by 2518.
2515
What is the remainder when 738703 is divided by 460?
403
Calculate the remainder when 154126591 is divided by 67.
59
What is the remainder when 1640975 is divided by 1034?
17
Calculate the remainder when 2524203 is divided by 1803.
3
What is the remainder when 9395689 is divided by 4697838?
13
Calculate the remainder when 533550 is divided by 514.
18
What is the remainder when 149285 is divided by 405?
245
Calculate the remainder when 117669551 is divided by 1848.
1847
Calculate the